{"id":429,"date":"2023-05-12T07:24:21","date_gmt":"2023-05-12T05:24:21","guid":{"rendered":"https:\/\/easyautoskola.sk\/martin\/?post_type=product&#038;p=429"},"modified":"2026-01-23T12:23:09","modified_gmt":"2026-01-23T11:23:09","slug":"kurz-prvej-pomoci","status":"publish","type":"product","link":"https:\/\/easyautoskola.sk\/martin\/produkt\/kurz-prvej-pomoci\/","title":{"rendered":"Kurz prvej pomoci"},"content":{"rendered":"<p>Sk\u00f4r ne\u017e ukon\u010d\u00ed\u0161 v\u00fdcvik, mus\u00ed\u0161 absolvova\u0165 kurz prvej pomoci a&nbsp;po \u00faspe\u0161nom zvl\u00e1dnut\u00ed z\u00edska\u0161 platn\u00fd certifik\u00e1t.<\/p>\n<p>Najbli\u017e\u0161\u00ed term\u00edn kurzu zdravotnej pr\u00edpravy: [block id=&#8220;najblizsi-kurz-prvej-pomoci&#8220;]\n","protected":false},"excerpt":{"rendered":"<p>Zdravotn\u00e1 pr\u00edprava s&nbsp;certifik\u00e1tom.<\/p>\n","protected":false},"featured_media":3230,"comment_status":"open","ping_status":"closed","template":"","meta":{"_acf_changed":false},"product_brand":[],"product_cat":[68],"product_tag":[],"class_list":{"0":"post-429","1":"product","2":"type-product","3":"status-publish","4":"has-post-thumbnail","6":"product_cat-vycvik","8":"first","9":"instock","10":"virtual","11":"taxable","12":"purchasable","13":"product-type-simple"},"acf":[],"publishpress_future_workflow_manual_trigger":{"enabledWorkflows":[]},"_links":{"self":[{"href":"https:\/\/easyautoskola.sk\/martin\/wp-json\/wp\/v2\/product\/429","targetHints":{"allow":["GET"]}}],"collection":[{"href":"https:\/\/easyautoskola.sk\/martin\/wp-json\/wp\/v2\/product"}],"about":[{"href":"https:\/\/easyautoskola.sk\/martin\/wp-json\/wp\/v2\/types\/product"}],"replies":[{"embeddable":true,"href":"https:\/\/easyautoskola.sk\/martin\/wp-json\/wp\/v2\/comments?post=429"}],"wp:featuredmedia":[{"embeddable":true,"href":"https:\/\/easyautoskola.sk\/martin\/wp-json\/wp\/v2\/media\/3230"}],"wp:attachment":[{"href":"https:\/\/easyautoskola.sk\/martin\/wp-json\/wp\/v2\/media?parent=429"}],"wp:term":[{"taxonomy":"product_brand","embeddable":true,"href":"https:\/\/easyautoskola.sk\/martin\/wp-json\/wp\/v2\/product_brand?post=429"},{"taxonomy":"product_cat","embeddable":true,"href":"https:\/\/easyautoskola.sk\/martin\/wp-json\/wp\/v2\/product_cat?post=429"},{"taxonomy":"product_tag","embeddable":true,"href":"https:\/\/easyautoskola.sk\/martin\/wp-json\/wp\/v2\/product_tag?post=429"}],"curies":[{"name":"wp","href":"https:\/\/api.w.org\/{rel}","templated":true}]}}