{"id":488,"date":"2023-05-12T07:25:21","date_gmt":"2023-05-12T05:25:21","guid":{"rendered":"https:\/\/easyautoskola.sk\/povazska-bystrica\/?post_type=product&#038;p=488"},"modified":"2025-07-20T19:00:32","modified_gmt":"2025-07-20T17:00:32","slug":"blok-individualnej-teoretickej-vyucby","status":"publish","type":"product","link":"https:\/\/easyautoskola.sk\/povazska-bystrica\/produkt\/blok-individualnej-teoretickej-vyucby\/","title":{"rendered":"Blok individu\u00e1lnej teoretickej v\u00fdu\u010dby"},"content":{"rendered":"<p>1&#215;45 min<\/p>\n","protected":false},"excerpt":{"rendered":"<p>1&#215;45 min<\/p>\n","protected":false},"featured_media":452,"comment_status":"closed","ping_status":"closed","template":"","meta":{"_acf_changed":false},"product_brand":[],"product_cat":[33],"product_tag":[],"class_list":{"0":"post-488","1":"product","2":"type-product","3":"status-publish","4":"has-post-thumbnail","6":"product_cat-teoria","8":"first","9":"instock","10":"taxable","11":"shipping-taxable","12":"purchasable","13":"product-type-simple"},"acf":[],"publishpress_future_workflow_manual_trigger":{"enabledWorkflows":[]},"_links":{"self":[{"href":"https:\/\/easyautoskola.sk\/povazska-bystrica\/wp-json\/wp\/v2\/product\/488","targetHints":{"allow":["GET"]}}],"collection":[{"href":"https:\/\/easyautoskola.sk\/povazska-bystrica\/wp-json\/wp\/v2\/product"}],"about":[{"href":"https:\/\/easyautoskola.sk\/povazska-bystrica\/wp-json\/wp\/v2\/types\/product"}],"replies":[{"embeddable":true,"href":"https:\/\/easyautoskola.sk\/povazska-bystrica\/wp-json\/wp\/v2\/comments?post=488"}],"wp:featuredmedia":[{"embeddable":true,"href":"https:\/\/easyautoskola.sk\/povazska-bystrica\/wp-json\/wp\/v2\/media\/452"}],"wp:attachment":[{"href":"https:\/\/easyautoskola.sk\/povazska-bystrica\/wp-json\/wp\/v2\/media?parent=488"}],"wp:term":[{"taxonomy":"product_brand","embeddable":true,"href":"https:\/\/easyautoskola.sk\/povazska-bystrica\/wp-json\/wp\/v2\/product_brand?post=488"},{"taxonomy":"product_cat","embeddable":true,"href":"https:\/\/easyautoskola.sk\/povazska-bystrica\/wp-json\/wp\/v2\/product_cat?post=488"},{"taxonomy":"product_tag","embeddable":true,"href":"https:\/\/easyautoskola.sk\/povazska-bystrica\/wp-json\/wp\/v2\/product_tag?post=488"}],"curies":[{"name":"wp","href":"https:\/\/api.w.org\/{rel}","templated":true}]}}