{"id":422,"date":"2023-05-12T07:24:20","date_gmt":"2023-05-12T05:24:20","guid":{"rendered":"https:\/\/easyautoskola.sk\/trnava\/?post_type=product&#038;p=422"},"modified":"2026-01-23T15:00:28","modified_gmt":"2026-01-23T14:00:28","slug":"easy-individual","status":"publish","type":"product","link":"https:\/\/easyautoskola.sk\/trnava\/produkt\/easy-individual\/","title":{"rendered":"EASY Individu\u00e1l"},"content":{"rendered":"<p>Ukon\u010denie do 21&nbsp;dn\u00ed (plat\u00ed pre teoretick\u00fd aj praktick\u00fd v\u00fdcvik).<br \/>\nTeoretick\u00e1 v\u00fdu\u010dba pozost\u00e1va z&nbsp;32 vyu\u010dovac\u00edch hod\u00edn (te\u00f3rie b\u00fdvaj\u00fa 2-3 kr\u00e1t do t\u00fd\u017ed\u0148a). Praktick\u00e1 \u010das\u0165 pozost\u00e1va z&nbsp;39 hod\u00edn \u2013 teoretick\u00fa aj praktick\u00fa v\u00fdu\u010dbu pl\u00e1nujeme pod\u013ea V\u00e1\u0161ho vo\u013en\u00e9ho \u010dasu, plne sa prisp\u00f4sob\u00edme.<\/p>\n<p>V cene je zahrnut\u00fd aj kurz zdravotnej pomoci a&nbsp;2\u00d745 min. doplnkov\u00e1 jazda.<\/p>\n","protected":false},"excerpt":{"rendered":"<p>Kurz, ktor\u00fd sa V\u00e1m dokonale prisp\u00f4sob\u00ed.<\/p>\n","protected":false},"featured_media":450,"comment_status":"open","ping_status":"closed","template":"","meta":{"_acf_changed":false},"product_brand":[],"product_cat":[37],"product_tag":[38,39,40],"class_list":{"0":"post-422","1":"product","2":"type-product","3":"status-publish","4":"has-post-thumbnail","6":"product_cat-zakladne-kurzy-b","7":"product_tag-autoskola","8":"product_tag-kurz","9":"product_tag-skupina-b","11":"first","12":"instock","13":"virtual","14":"taxable","15":"purchasable","16":"product-type-simple"},"acf":[],"publishpress_future_workflow_manual_trigger":{"enabledWorkflows":[]},"_links":{"self":[{"href":"https:\/\/easyautoskola.sk\/trnava\/wp-json\/wp\/v2\/product\/422","targetHints":{"allow":["GET"]}}],"collection":[{"href":"https:\/\/easyautoskola.sk\/trnava\/wp-json\/wp\/v2\/product"}],"about":[{"href":"https:\/\/easyautoskola.sk\/trnava\/wp-json\/wp\/v2\/types\/product"}],"replies":[{"embeddable":true,"href":"https:\/\/easyautoskola.sk\/trnava\/wp-json\/wp\/v2\/comments?post=422"}],"wp:featuredmedia":[{"embeddable":true,"href":"https:\/\/easyautoskola.sk\/trnava\/wp-json\/wp\/v2\/media\/450"}],"wp:attachment":[{"href":"https:\/\/easyautoskola.sk\/trnava\/wp-json\/wp\/v2\/media?parent=422"}],"wp:term":[{"taxonomy":"product_brand","embeddable":true,"href":"https:\/\/easyautoskola.sk\/trnava\/wp-json\/wp\/v2\/product_brand?post=422"},{"taxonomy":"product_cat","embeddable":true,"href":"https:\/\/easyautoskola.sk\/trnava\/wp-json\/wp\/v2\/product_cat?post=422"},{"taxonomy":"product_tag","embeddable":true,"href":"https:\/\/easyautoskola.sk\/trnava\/wp-json\/wp\/v2\/product_tag?post=422"}],"curies":[{"name":"wp","href":"https:\/\/api.w.org\/{rel}","templated":true}]}}