{"id":317,"date":"2023-05-10T08:57:51","date_gmt":"2023-05-10T06:57:51","guid":{"rendered":"https:\/\/easyautoskola.sk\/zilina\/?page_id=317"},"modified":"2025-10-15T20:22:14","modified_gmt":"2025-10-15T18:22:14","slug":"pre-ziakov","status":"publish","type":"page","link":"https:\/\/easyautoskola.sk\/zilina\/pre-ziakov\/","title":{"rendered":"Pre \u017eiakov"},"content":{"rendered":"<section class=\"l-section wpb_row us_custom_165acb46 has_text_color height_medium width_custom\" style=\"--site-content-width:960px;\"><div class=\"l-section-h i-cf\"><div class=\"g-cols vc_row via_grid cols_1-5 laptops-cols_inherit tablets-cols_inherit mobiles-cols_1 valign_top type_default stacking_default\"><div class=\"wpb_column vc_column_container\"><div class=\"vc_column-inner\"><div class=\"w-image align_none\"><div class=\"w-image-h\"><img decoding=\"async\" width=\"300\" height=\"300\" src=\"https:\/\/easyautoskola.sk\/zilina\/wp-content\/uploads\/sites\/2\/2025\/10\/reviews-300x300.png\" class=\"attachment-medium size-medium\" alt=\"\" loading=\"lazy\" srcset=\"https:\/\/easyautoskola.sk\/zilina\/wp-content\/uploads\/sites\/2\/2025\/10\/reviews-300x300.png 300w, https:\/\/easyautoskola.sk\/zilina\/wp-content\/uploads\/sites\/2\/2025\/10\/reviews-150x150.png 150w, https:\/\/easyautoskola.sk\/zilina\/wp-content\/uploads\/sites\/2\/2025\/10\/reviews.png 512w\" sizes=\"auto, (max-width: 300px) 100vw, 300px\" \/><\/div><\/div><\/div><\/div><div class=\"wpb_column vc_column_container\"><div class=\"vc_column-inner\"><div class=\"wpb_text_column us_custom_d1d3b3c6\"><div class=\"wpb_wrapper\"><h2>Recenzie<\/h2>\n<p>P\u00e1\u010dila sa ti EASY auto\u0161kola? Pom\u00f4\u017e aj ostatn\u00fdm z\u00edska\u0165 vodi\u010d\u00e1k pomocou recenzie na na\u0161e slu\u017eby! Ni\u017e\u0161ie n\u00e1jde\u0161 odkazy na Google alebo Facebook, kde sa m\u00f4\u017ee\u0161 podeli\u0165 o&nbsp;svoje dojmy.<\/p>\n<\/div><\/div><div class=\"w-separator size_medium\"><\/div><div class=\"w-hwrapper valign_top align_none\"><div class=\"w-btn-wrapper align_none\"><a class=\"w-btn us-btn-style_24 icon_atleft\" href=\"https:\/\/www.facebook.com\/easyautoskolazilina\/reviews\" target=\"_blank\" rel=\"noopener\"><i class=\"fab fa-facebook\"><\/i><span class=\"w-btn-label\">Prida\u0165 recenziu na Facebook<\/span><\/a><\/div><div class=\"w-btn-wrapper align_none\"><a class=\"w-btn us-btn-style_24 icon_atleft\" href=\"https:\/\/www.google.sk\/search?sca_esv=d4a5450862dcd9df&amp;hl=sk&amp;gl=SK&amp;biw=1920&amp;bih=919&amp;si=AMgyJEtREmoPL4P1I5IDCfuA8gybfVI2d5Uj7QMwYCZHKDZ-ExJPmMcNA_7iGP1M2jM0XQr3nRW23kOkbegQBJwiUQCdkI3aol1y6fvH0Y0auDfmjmbzF3rjcUBzJaTpDGt9cqOvxXXEHQS-lWrZ7DyPFXVYiMkqqw==&amp;q=Easy+Auto\u0161kola+Martin+Recenzie&amp;sa=X&amp;ved=2ahUKEwifm_SZ6aaQAxUx9wIHHf78Mh8Q0bkNegQIIRAE\" target=\"_blank\" rel=\"noopener\"><i class=\"fab fa-google\"><\/i><span class=\"w-btn-label\">Prida\u0165 recenziu na Google<\/span><\/a><\/div><\/div><\/div><\/div><\/div><\/div><\/section><section class=\"l-section wpb_row height_medium\"><div class=\"l-section-h i-cf\"><div class=\"g-cols vc_row via_grid cols_1 laptops-cols_inherit tablets-cols_inherit mobiles-cols_1 valign_top type_default stacking_default\"><div class=\"wpb_column vc_column_container\"><div class=\"vc_column-inner\"><div class=\"w-tabs layout_hor style_radio3 switch_click has_scrolling\" style=\"--sections-title-size:1em\"><div class=\"w-tabs-list items_3 align_center\"><div class=\"w-tabs-list-h\"><button class=\"w-tabs-item active\" aria-controls=\"content-pfa4\" aria-expanded=\"false\"><span class=\"w-tabs-item-title\">Potrebn\u00e9 tla\u010div\u00e1<\/span><\/button><button class=\"w-tabs-item\" aria-controls=\"content-g4d7\" aria-expanded=\"false\"><span class=\"w-tabs-item-title\">Testy a odpovede<\/span><\/button><button class=\"w-tabs-item\" aria-controls=\"content-y0fc\" aria-expanded=\"false\"><span class=\"w-tabs-item-title\">Eduka\u010dn\u00e9 vide\u00e1<\/span><\/button><\/div><\/div><div class=\"w-tabs-sections titles-align_none icon_chevron cpos_right\"><div class=\"w-tabs-section active\" id=\"pfa4\"><button class=\"w-tabs-section-header active\" aria-controls=\"content-pfa4\" aria-expanded=\"true\"><div class=\"w-tabs-section-title\">Potrebn\u00e9 tla\u010div\u00e1<\/div><div class=\"w-tabs-section-control\"><\/div><\/button><div  class=\"w-tabs-section-content\" id=\"content-pfa4\"><div class=\"w-tabs-section-content-h i-cf\"><div class=\"g-cols wpb_row via_grid cols_3 laptops-cols_inherit tablets-cols_inherit mobiles-cols_1 valign_top type_default stacking_default\" style=\"--columns-gap:3rem;\"><div class=\"wpb_column vc_column_container us_custom_eb849559\"><div class=\"vc_column-inner\"><div class=\"w-image us_custom_e41b9572 align_none\"><div class=\"w-image-h\"><img decoding=\"async\" width=\"300\" height=\"300\" src=\"https:\/\/easyautoskola.sk\/zilina\/wp-content\/uploads\/sites\/2\/2023\/05\/pdf-300x300.png\" class=\"attachment-medium size-medium\" alt=\"\" loading=\"lazy\" srcset=\"https:\/\/easyautoskola.sk\/zilina\/wp-content\/uploads\/sites\/2\/2023\/05\/pdf-300x300.png 300w, https:\/\/easyautoskola.sk\/zilina\/wp-content\/uploads\/sites\/2\/2023\/05\/pdf-150x150.png 150w, https:\/\/easyautoskola.sk\/zilina\/wp-content\/uploads\/sites\/2\/2023\/05\/pdf.png 512w\" sizes=\"auto, (max-width: 300px) 100vw, 300px\" \/><\/div><\/div><h5 class=\"w-text\"><span class=\"w-text-h\"><span class=\"w-text-value\">Prihl\u00e1\u0161ka do auto\u0161koly<\/span><\/span><\/h5><p class=\"w-text us_custom_d1d3b3c6\"><span class=\"w-text-h\"><span class=\"w-text-value\">Zmluva o poskytovan\u00ed slu\u017eieb pre z\u00edskanie vodi\u010dsk\u00e9ho opr\u00e1vnenia.<\/span><\/span><\/p><div class=\"w-btn-wrapper align_center\"><a class=\"w-btn us-btn-style_1 icon_atleft\" href=\"https:\/\/easyautoskola.sk\/zilina\/wp-content\/uploads\/sites\/2\/2023\/05\/za_zmluva.pdf\"><i class=\"fal fa-download\"><\/i><span class=\"w-btn-label\">Stiahnu\u0165 prihl\u00e1\u0161ku<\/span><\/a><\/div><\/div><\/div><div class=\"wpb_column vc_column_container us_custom_eb849559\"><div class=\"vc_column-inner\"><div class=\"w-image us_custom_e41b9572 align_none\"><div class=\"w-image-h\"><img decoding=\"async\" width=\"300\" height=\"300\" src=\"https:\/\/easyautoskola.sk\/zilina\/wp-content\/uploads\/sites\/2\/2023\/05\/pdf-300x300.png\" class=\"attachment-medium size-medium\" alt=\"\" loading=\"lazy\" srcset=\"https:\/\/easyautoskola.sk\/zilina\/wp-content\/uploads\/sites\/2\/2023\/05\/pdf-300x300.png 300w, https:\/\/easyautoskola.sk\/zilina\/wp-content\/uploads\/sites\/2\/2023\/05\/pdf-150x150.png 150w, https:\/\/easyautoskola.sk\/zilina\/wp-content\/uploads\/sites\/2\/2023\/05\/pdf.png 512w\" sizes=\"auto, (max-width: 300px) 100vw, 300px\" \/><\/div><\/div><h5 class=\"w-text\"><span class=\"w-text-h\"><span class=\"w-text-value\">\u017diados\u0165 o udelenie vodi\u010dsk\u00e9ho opr\u00e1vnenia<\/span><\/span><\/h5><p class=\"w-text us_custom_d1d3b3c6\"><span class=\"w-text-h\"><span class=\"w-text-value\">Tla\u010di\u0165 obojstranne, d\u00e1tum sa nevyp\u013a\u0148a. Zadn\u00fa stranu vyp\u00ed\u0161e a potvrd\u00ed v\u00e1\u0161 lek\u00e1r.<\/span><\/span><\/p><div class=\"w-btn-wrapper align_center\"><a class=\"w-btn us-btn-style_1 icon_atleft\" href=\"https:\/\/easyautoskola.sk\/zilina\/wp-content\/uploads\/sites\/2\/2023\/05\/Nova-ziadost.pdf\"><i class=\"fal fa-download\"><\/i><span class=\"w-btn-label\">Stiahnu\u0165 \u017eiados\u0165<\/span><\/a><\/div><\/div><\/div><div class=\"wpb_column vc_column_container us_custom_eb849559\"><div class=\"vc_column-inner\"><div class=\"w-image us_custom_e41b9572 align_none\"><div class=\"w-image-h\"><img decoding=\"async\" width=\"300\" height=\"300\" src=\"https:\/\/easyautoskola.sk\/zilina\/wp-content\/uploads\/sites\/2\/2023\/05\/pdf-300x300.png\" class=\"attachment-medium size-medium\" alt=\"\" loading=\"lazy\" srcset=\"https:\/\/easyautoskola.sk\/zilina\/wp-content\/uploads\/sites\/2\/2023\/05\/pdf-300x300.png 300w, https:\/\/easyautoskola.sk\/zilina\/wp-content\/uploads\/sites\/2\/2023\/05\/pdf-150x150.png 150w, https:\/\/easyautoskola.sk\/zilina\/wp-content\/uploads\/sites\/2\/2023\/05\/pdf.png 512w\" sizes=\"auto, (max-width: 300px) 100vw, 300px\" \/><\/div><\/div><h5 class=\"w-text\"><span class=\"w-text-h\"><span class=\"w-text-value\">Doklad o zdravotnej sp\u00f4sobilosti<\/span><\/span><\/h5><p class=\"w-text us_custom_d1d3b3c6\"><span class=\"w-text-h\"><span class=\"w-text-value\">Len pre \u017eiadate\u013eov o do\u0161ko\u013eovac\u00ed kurz<\/span><\/span><\/p><div class=\"w-btn-wrapper align_center\"><a class=\"w-btn us-btn-style_1 icon_atleft\" href=\"https:\/\/easyautoskola.sk\/zilina\/wp-content\/uploads\/sites\/2\/2023\/05\/za_doklad.pdf\"><i class=\"fal fa-download\"><\/i><span class=\"w-btn-label\">Stiahnu\u0165 tla\u010divo<\/span><\/a><\/div><\/div><\/div><\/div><\/div><\/div><\/div><div class=\"w-tabs-section\" id=\"g4d7\"><button class=\"w-tabs-section-header\" aria-controls=\"content-g4d7\" aria-expanded=\"false\"><div class=\"w-tabs-section-title\">Testy a odpovede<\/div><div class=\"w-tabs-section-control\"><\/div><\/button><div  class=\"w-tabs-section-content\" id=\"content-g4d7\"><div class=\"w-tabs-section-content-h i-cf\"><div class=\"wpb_text_column\"><div class=\"wpb_wrapper\"><p style=\"text-align: center;\">S\u00fabor testov a\u00a0spr\u00e1vnych odpoved\u00ed pre sk\u00fa\u0161ky.<\/p>\n<\/div><\/div><div class=\"w-separator size_small\"><\/div><div class=\"w-actionbox color_light controls_right\"><div class=\"w-actionbox-text\"><h4 class=\"w-actionbox-title\">Testov\u00e9 ot\u00e1zky<\/h4><div class=\"w-actionbox-description\"><p>dokument PDF (6 MB)<\/p>\n<\/div><\/div><div class=\"w-actionbox-controls\"><a class=\"w-btn us-btn-style_1 icon_atleft\" title=\"Testy\" href=\"\/zilina\/wp-content\/uploads\/sites\/2\/2023\/05\/testy2023.pdf\"><i class=\"fal fa-download\"><\/i><span class=\"w-btn-label\">Stiahnu\u0165<\/span><\/a><\/div><\/div><\/div><\/div><\/div><div class=\"w-tabs-section\" id=\"y0fc\"><button class=\"w-tabs-section-header\" aria-controls=\"content-y0fc\" aria-expanded=\"false\"><div class=\"w-tabs-section-title\">Eduka\u010dn\u00e9 vide\u00e1<\/div><div class=\"w-tabs-section-control\"><\/div><\/button><div  class=\"w-tabs-section-content\" id=\"content-y0fc\"><div class=\"w-tabs-section-content-h i-cf\"><div class=\"wpb_text_column\"><div class=\"wpb_wrapper\"><p style=\"text-align: center;\">EASY auto\u0161kolu n\u00e1jdete aj na Youtube, kde prid\u00e1vame u\u017eito\u010dn\u00e9 vide\u00e1 s\u00a0praktick\u00fdmi inform\u00e1ciami pre \u017eiakov aj \u010derstv\u00fdch vodi\u010dov.<\/p>\n<\/div><\/div><div class=\"w-separator size_small\"><\/div><div class=\"w-btn-wrapper align_center\"><a class=\"w-btn us-btn-style_2 icon_atleft\" href=\"https:\/\/www.youtube.com\/channel\/UCofCNbhAHSirlEY5V1tcj0g\/\" target=\"_blank\" rel=\"noopener\"><i class=\"fab fa-youtube\"><\/i><span class=\"w-btn-label\">Easy auto\u0161kola na YouTube<\/span><\/a><\/div><div class=\"w-separator size_medium\"><\/div><div class=\"g-cols wpb_row via_grid cols_3 laptops-cols_inherit tablets-cols_inherit mobiles-cols_1 valign_top type_default stacking_default\" style=\"--columns-gap:1.5rem;\"><div class=\"wpb_column vc_column_container\"><div class=\"vc_column-inner\"><div class=\"w-video align_center ratio_16x9 has_iframe\"><div class=\"w-video-h\"><iframe title=\"Youtube video player\" src=\"\/\/www.youtube.com\/embed\/-bJIlat53pc?autoplay=0&controls=1&origin=https:\/\/easyautoskola.sk\/zilina&loop=0&mute=0\" allowfullscreen=\"1\" loading=\"lazy\"><\/iframe><\/div><\/div><\/div><\/div><div class=\"wpb_column vc_column_container\"><div class=\"vc_column-inner\"><div class=\"w-video align_center ratio_16x9 has_iframe\"><div class=\"w-video-h\"><iframe title=\"Youtube video player\" src=\"\/\/www.youtube.com\/embed\/mRfehnEWeTI?autoplay=0&controls=1&origin=https:\/\/easyautoskola.sk\/zilina&loop=0&mute=0\" allowfullscreen=\"1\" loading=\"lazy\"><\/iframe><\/div><\/div><\/div><\/div><div class=\"wpb_column vc_column_container\"><div class=\"vc_column-inner\"><div class=\"w-video align_center ratio_16x9 has_iframe\"><div class=\"w-video-h\"><iframe title=\"Youtube video player\" src=\"\/\/www.youtube.com\/embed\/kfTQyGIXlkQ?autoplay=0&controls=1&origin=https:\/\/easyautoskola.sk\/zilina&loop=0&mute=0\" allowfullscreen=\"1\" loading=\"lazy\"><\/iframe><\/div><\/div><\/div><\/div><div class=\"wpb_column vc_column_container\"><div class=\"vc_column-inner\"><div class=\"w-video align_center ratio_16x9 has_iframe\"><div class=\"w-video-h\"><iframe title=\"Youtube video player\" src=\"\/\/www.youtube.com\/embed\/RDRQqecjm5k?autoplay=0&controls=1&origin=https:\/\/easyautoskola.sk\/zilina&loop=0&mute=0\" allowfullscreen=\"1\" loading=\"lazy\"><\/iframe><\/div><\/div><\/div><\/div><div class=\"wpb_column vc_column_container\"><div class=\"vc_column-inner\"><div class=\"w-video align_center ratio_16x9 has_iframe\"><div class=\"w-video-h\"><iframe title=\"Youtube video player\" src=\"\/\/www.youtube.com\/embed\/zve7HHcLkQ8?autoplay=0&controls=1&origin=https:\/\/easyautoskola.sk\/zilina&loop=0&mute=0\" allowfullscreen=\"1\" loading=\"lazy\"><\/iframe><\/div><\/div><\/div><\/div><div class=\"wpb_column vc_column_container\"><div class=\"vc_column-inner\"><div class=\"w-video align_center ratio_16x9 has_iframe\"><div class=\"w-video-h\"><iframe title=\"Youtube video player\" src=\"\/\/www.youtube.com\/embed\/S_5YrUra5wI?autoplay=0&controls=1&origin=https:\/\/easyautoskola.sk\/zilina&loop=0&mute=0\" allowfullscreen=\"1\" loading=\"lazy\"><\/iframe><\/div><\/div><\/div><\/div><div class=\"wpb_column vc_column_container\"><div class=\"vc_column-inner\"><div class=\"w-video align_center ratio_16x9 has_iframe\"><div class=\"w-video-h\"><iframe title=\"Youtube video player\" src=\"\/\/www.youtube.com\/embed\/YpWe8V8cRSs?autoplay=0&controls=1&origin=https:\/\/easyautoskola.sk\/zilina&loop=0&mute=0\" allowfullscreen=\"1\" loading=\"lazy\"><\/iframe><\/div><\/div><\/div><\/div><div class=\"wpb_column vc_column_container\"><div class=\"vc_column-inner\"><div class=\"w-video align_center ratio_16x9 has_iframe\"><div class=\"w-video-h\"><iframe title=\"Youtube video player\" src=\"\/\/www.youtube.com\/embed\/Qd2NDdQZUqA?autoplay=0&controls=1&origin=https:\/\/easyautoskola.sk\/zilina&loop=0&mute=0\" allowfullscreen=\"1\" loading=\"lazy\"><\/iframe><\/div><\/div><\/div><\/div><div class=\"wpb_column vc_column_container\"><div class=\"vc_column-inner\"><div class=\"w-video align_center ratio_16x9 has_iframe\"><div class=\"w-video-h\"><iframe title=\"Youtube video player\" src=\"\/\/www.youtube.com\/embed\/SC34flDvPIE?autoplay=0&controls=1&origin=https:\/\/easyautoskola.sk\/zilina&loop=0&mute=0\" allowfullscreen=\"1\" loading=\"lazy\"><\/iframe><\/div><\/div><\/div><\/div><div class=\"wpb_column vc_column_container\"><div class=\"vc_column-inner\"><div class=\"w-video align_center ratio_16x9 has_iframe\"><div class=\"w-video-h\"><iframe title=\"Youtube video player\" src=\"\/\/www.youtube.com\/embed\/D4S_tWhTu84?autoplay=0&controls=1&origin=https:\/\/easyautoskola.sk\/zilina&loop=0&mute=0\" allowfullscreen=\"1\" loading=\"lazy\"><\/iframe><\/div><\/div><\/div><\/div><div class=\"wpb_column vc_column_container\"><div class=\"vc_column-inner\"><div class=\"w-video align_center ratio_16x9 has_iframe\"><div class=\"w-video-h\"><iframe title=\"Youtube video player\" src=\"\/\/www.youtube.com\/embed\/TuNz6QLrtw0?autoplay=0&controls=1&origin=https:\/\/easyautoskola.sk\/zilina&loop=0&mute=0\" allowfullscreen=\"1\" loading=\"lazy\"><\/iframe><\/div><\/div><\/div><\/div><div class=\"wpb_column vc_column_container\"><div class=\"vc_column-inner\"><div class=\"w-video align_center ratio_16x9 has_iframe\"><div class=\"w-video-h\"><iframe title=\"Youtube video player\" src=\"\/\/www.youtube.com\/embed\/qymd7IbohFM?autoplay=0&controls=1&origin=https:\/\/easyautoskola.sk\/zilina&loop=0&mute=0\" allowfullscreen=\"1\" loading=\"lazy\"><\/iframe><\/div><\/div><\/div><\/div><\/div><\/div><\/div><\/div><\/div><\/div><div class=\"w-separator size_medium\"><\/div><div class=\"w-html us_custom_eb849559\"><a href=\"https:\/\/www.testynavodicak.sk\" target=\"_blank\" title=\"testy na vodicak\" rel=\"noopener\">\n<img loading=\"lazy\" decoding=\"async\" src=\"https:\/\/www.testynavodicak.sk\/banner\/testynavodicak.sk_160x160.webp\" width=\"160\" height=\"160\" alt=\"testy na vodicak\"><\/a><\/div><\/div><\/div><\/div><\/div><\/section>\n","protected":false},"excerpt":{"rendered":"Recenzie P\u00e1\u010dila sa ti EASY auto\u0161kola? Pom\u00f4\u017e aj ostatn\u00fdm z\u00edska\u0165 vodi\u010d\u00e1k pomocou recenzie na na\u0161e slu\u017eby! Ni\u017e\u0161ie n\u00e1jde\u0161 odkazy na Google alebo Facebook, kde sa m\u00f4\u017ee\u0161 podeli\u0165 o svoje dojmy. Prida\u0165 recenziu na FacebookPrida\u0165 recenziu na GooglePotrebn\u00e9 tla\u010div\u00e1Testy a odpovedeEduka\u010dn\u00e9 vide\u00e1Potrebn\u00e9 tla\u010div\u00e1Prihl\u00e1\u0161ka do auto\u0161kolyZmluva o poskytovan\u00ed slu\u017eieb pre z\u00edskanie vodi\u010dsk\u00e9ho opr\u00e1vnenia.Stiahnu\u0165 prihl\u00e1\u0161ku\u017diados\u0165 o udelenie vodi\u010dsk\u00e9ho...","protected":false},"author":1,"featured_media":0,"parent":0,"menu_order":0,"comment_status":"closed","ping_status":"closed","template":"","meta":{"_acf_changed":false,"footnotes":""},"class_list":["post-317","page","type-page","status-publish","hentry"],"acf":[],"publishpress_future_action":{"enabled":false,"date":"2026-05-06 09:48:00","action":"change-status","newStatus":"draft","terms":[],"taxonomy":"","extraData":[]},"publishpress_future_workflow_manual_trigger":{"enabledWorkflows":[]},"_links":{"self":[{"href":"https:\/\/easyautoskola.sk\/zilina\/wp-json\/wp\/v2\/pages\/317","targetHints":{"allow":["GET"]}}],"collection":[{"href":"https:\/\/easyautoskola.sk\/zilina\/wp-json\/wp\/v2\/pages"}],"about":[{"href":"https:\/\/easyautoskola.sk\/zilina\/wp-json\/wp\/v2\/types\/page"}],"author":[{"embeddable":true,"href":"https:\/\/easyautoskola.sk\/zilina\/wp-json\/wp\/v2\/users\/1"}],"replies":[{"embeddable":true,"href":"https:\/\/easyautoskola.sk\/zilina\/wp-json\/wp\/v2\/comments?post=317"}],"version-history":[{"count":30,"href":"https:\/\/easyautoskola.sk\/zilina\/wp-json\/wp\/v2\/pages\/317\/revisions"}],"predecessor-version":[{"id":2751,"href":"https:\/\/easyautoskola.sk\/zilina\/wp-json\/wp\/v2\/pages\/317\/revisions\/2751"}],"wp:attachment":[{"href":"https:\/\/easyautoskola.sk\/zilina\/wp-json\/wp\/v2\/media?parent=317"}],"curies":[{"name":"wp","href":"https:\/\/api.w.org\/{rel}","templated":true}]}}